d by 16905.
2961
What is the remainder when 1281167 is divided by 71168?
143
Calculate the remainder when 115257708 is divided by 142118.
10
Calculate the remainder when 71964370 is divided by 746.
734
Calculate the remainder when 2475785 is divided by 29.
26
Calculate the remainder when 23052 is divided by 2783.
788
What is the remainder when 9159570 is divided by 1129?
1122
What is the remainder when 1164990 is divided by 3734?
3716
What is the remainder when 545189479 is divided by 55?
54
Calculate the remainder when 410380 is divided by 810.
520
Calculate the remainder when 1364391 is divided by 454787.
30
What is the remainder when 30003127 is divided by 1875194?
23
Calculate the remainder when 232839729 is divided by 77613242.
3
What is the remainder when 39399 is divided by 28573?
10826
Calculate the remainder when 3722341 is divided by 55.
51
Calculate the remainder when 1463917 is divided by 24807.
304
What is the remainder when 40513125 is divided by 127?
125
Calculate the remainder when 3591360 is divided by 658.
654
What is the remainder when 165029131 is divided by 31?
11
What is the remainder when 3223751 is divided by 1074571?
38
What is the remainder when 1473801 is divided by 735882?
2037
What is the remainder when 14413197 is divided by 464939?
88
What is the remainder when 18072 is divided by 3590?
122
What is the remainder when 785080 is divided by 106?
44
What is the remainder when 73024196 is divided by 316122?
14
Calculate the remainder when 17947542 is divided by 244.
122
Calculate the remainder when 527977 is divided by 1267.
905
What is the remainder when 649937 is divided by 298?
297
What is the remainder when 199287 is divided by 39857?
2
What is the remainder when 2624338 is divided by 14419?
80
Calculate the remainder when 97151 is divided by 5386.
203
What is the remainder when 609698 is divided by 1820?
1818
What is the remainder when 2161516 is divided by 360229?
142
Calculate the remainder when 86284581 is divided by 19.
14
Calculate the remainder when 17962 is divided by 2446.
840
What is the remainder when 1168575 is divided by 17?
12
Calculate the remainder when 93458798 is divided by 16.
14
Calculate the remainder when 122314800 is divided by 13694.
13686
What is the remainder when 861630 is divided by 1520?
1310
What is the remainder when 1510114 is divided by 302017?
29
What is the remainder when 21740 is divided by 9137?
3466
What is the remainder when 3309781 is divided by 320?
21
Calculate the remainder when 765970 is divided by 18676.
254
What is the remainder when 8374842 is divided by 1674968?
2
What is the remainder when 998041965 is divided by 83?
82
Calculate the remainder when 21288261 is divided by 58324.
1
What is the remainder when 2226185 is divided by 11416?
65
What is the remainder when 6039705 is divided by 4?
1
What is the remainder when 17564 is divided by 288?
284
What is the remainder when 2262899 is divided by 16514?
481
Calculate the remainder when 3786880 is divided by 757367.
45
Calculate the remainder when 11364410 is divided by 61.
49
What is the remainder when 630391 is divided by 235?
121
Calculate the remainder when 48750 is divided by 627.
471
What is the remainder when 108011 is divided by 15?
11
Calculate the remainder when 405224854 is divided by 4876.
4874
What is the remainder when 177845 is divided by 787?
770
What is the remainder when 78280 is divided by 446?
230
What is the remainder when 2755680 is divided by 1436?
1432
Calculate the remainder when 30832880 is divided by 298.
12
Calculate the remainder when 2227458 is divided by 185.
58
Calculate the remainder when 114151 is divided by 4067.
275
What is the remainder when 74423661 is divided by 16?
13
Calculate the remainder when 234565 is divided by 127.
123
What is the remainder when 38931 is divided by 306?
69
Calculate the remainder when 189958 is divided by 2909.
873
What is the remainder when 1702584 is divided by 37?
29
Calculate the remainder when 22085986 is divided by 61011.
4
What is the remainder when 211710 is divided by 11035?
2045
Calculate the remainder when 17612564 is divided by 37958.
52
What is the remainder when 282338119 is divided by 1480?
1479
What is the remainder when 696041664 is divided by 76?
72
What is the remainder when 37748742 is divided by 37?
10
What is the remainder when 92547 is divided by 2152?
11
What is the remainder when 330352 is divided by 1256?
24
What is the remainder when 18903 is divided by 18075?
828
What is the remainder when 6328277 is divided by 16268?
25
Calculate the remainder when 16577559 is divided by 1160.
1159
Calculate the remainder when 17845868 is divided by 708.
20
What is the remainder when 702190 is divided by 482?
398
What is the remainder when 531231 is divided by 14?
1
Calculate the remainder when 11215545 is divided by 179.
121
What is the remainder when 2482475 is divided by 827487?
14
What is the remainder when 311934 is divided by 1016?
22
What is the remainder when 103814255 is divided by 21?
20
What is the remainder when 276633 is divided by 380?
373
What is the remainder when 1827670 is divided by 1806?
1804
Calculate the remainder when 3381838 is divided by 330.
328
What is the remainder when 6507631 is divided by 29?
2
What is the remainder when 290773 is divided by 16153?
19
Calculate the remainder when 2772554 is divided by 2330.
2184
What is the remainder when 516426 is divided by 23345?
2836
What is the remainder when 335008 is divided by 643?
5
What is the remainder when 1986054 is divided by 43?
13
What is the remainder when 2370249 is divided by 49380?
9
What is the remainder when 4145836 is divided by 2337?
2335
What is the remainder when 1927832 is divided by 1927829?
3
Calculate the remainder when 61574 is divided by 1539.
14
What is the remainder when 10255271 is divided by 3035?
6
Calculate the remainder when 3657568 is divided by 914391.
4
Calculate the remainder when 54280 is divided by 473.
358
Calculate the remainder when 881238 is divided by 1731.
159
What is the remainder when 10755010 is divided by 62?
56
What is the remainder when 2815291 is divided by 1023?
1018
What is the remainder when 34622696 is divided by 175?
171
What is the remainder when 10383580 is divided by 2540?
60
What is the remainder when 134485 is divided by 26878?
95
Calculate the remainder when 549650 is divided by 549636.
14
Calculate the remainder when 3376460 is divided by 208.
204
What is the remainder when 229126 is divided by 2315?
2256
What is the remainder when 486183620 is divided by 647?
646
What is the remainder when 12432 is divided by 188?
24
What is the remainder when 548429 is divided by 8063?
145
What is the remainder when 672471 is divided by 224152?
15
What is the remainder when 270759 is divided by 309?
75
What is the remainder when 11496840 is divided by 136867?
12
What is the remainder when 95695897 is divided by 105276?
13
Calculate the remainder when 649555 is divided by 91.
88
What is the remainder when 1166527 is divided by 227?
201
Calculate the remainder when 6548239 is divided by 80.
79
Calculate the remainder when 1788525 is divided by 9932.
765
What is the remainder when 40330518 is divided by 789?
783
What is the remainder when 6147959 is divided by 471?
467
What is the remainder when 14688 is divided by 1060?
908
Calculate the remainder when 136338 is divided by 5664.
402
What is the remainder when 5265923 is divided by 210630?
173
Calculate the remainder when 409808 is divided by 4038.
1970
What is the remainder when 320590 is divided by 278?
56
Calculate the remainder when 1604471 is divided by 316.
139
Calculate the remainder when 72784508 is divided by 1541.
1537
What is the remainder when 1097061 is divided by 329?
175
What is the remainder when 35892796 is divided by 186?
4
What is the remainder when 36537700 is divided by 12179225?
25
Calculate the remainder when 65394 is divided by 909.
855
What is the remainder when 1201966 is divided by 400603?
157
Calculate the remainder when 4983155 is divided by 43.
14
What is the remainder when 164557713 is divided by 94?
91
Calculate the remainder when 11443976 is divided by 182.
180
What is the remainder when 19229391 is divided by 89439?
6
What is the remainder wh